 + 9.
11
(10 - (4 + 3 + -3)) + -14 + 3
-5
What is the value of 8 + 2 - (8 + 6 + -10)?
6
What is the value of 13 + -7 + (-2 - -4) + 1?
9
Calculate -23 + 2 + 3 + 7 + -3 + -2.
-16
(-9 - (-11 + 0 + 2)) + (6 - 0)
6
Evaluate 4 + 0 - (-46 - -48 - (-2 + 8)).
8
Calculate -2 + (0 + 3 - 14 - (0 - 5)).
-8
What is 5 + 9 + (5 - (0 - (0 + -8)))?
11
What is the value of (23 + -31 - (8 + -3)) + 36?
23
Evaluate (20 - (50 + -18)) + (0 - 21).
-33
What is the value of 11 - (19 + -11 + -15 - -4)?
14
-47 - -50 - (-19 + (10 - (11 - 7)))
16
What is the value of 21 - (55 - 23 - 28)?
17
Evaluate 15 + -10 + 8 + -24.
-11
What is the value of (0 - 1 - 5) + 4 + (12 - 19)?
-9
Evaluate 23 - (-32 + 54 + 17).
-16
Evaluate -1005 + 978 - (-6 - 1).
-20
-2 + -16 + -52 + 58
-12
Calculate 1 + 2 - (-26 - -37).
-8
Calculate (-67 - -62) + (4 - 8).
-9
What is the value of (24 - 35) + 17 - (-1 - -4)?
3
What is the value of (-12 - -11) + 18 - (47 - 0)?
-30
What is -5 + 0 + -5 + 16 + -13?
-7
What is 29 - (69 - 13) - -15?
-12
Calculate -13 + (7 + -5 + 0 - -4) - 6.
-13
Calculate (4 - 9 - -3) + (-56 - -74).
16
4 - -20 - (-115 + 151)
-12
Evaluate 118 - (145 + -36) - (0 - (-3 + 0)).
6
Calculate -12 - -7 - -17 - 23.
-11
Calculate -4 + (-2 - -9) + (-50 - -50).
3
What is (4 - 0) + (-867 - -859) + (4 - 1)?
-1
(-12 - 12) + -55 + 51
-28
-17 - (-8 - -5) - -4 - (12 - -2)
-24
What is the value of -64 + 23 + 20 + -19?
-40
What is (11 + -3 - -5) + -11 + (-11 - -21)?
12
Evaluate 3 + (10 - 26 - -25).
12
What is the value of -18 + 0 + -1 + 1 + 142 + -145?
-21
What is -9 + (31 + -4 - 28)?
-10
-22 - -84 - 54 - (-1 + -6)
15
5 + (-38 - -22) - (-1 - 2 - -5)
-13
Evaluate 18 - (-6 + -4 - -8) - 9.
11
What is the value of 8 - -3 - (3 + 9 + -9)?
8
Evaluate -22 - (-33 - -16) - -10.
5
What is the value of -6 + (7 - -4) - (6 - 4)?
3
What is the value of (23 - -4) + -8 - 2?
17
What is the value of 25 - (0 - -20 - -11)?
-6
What is -63 + 40 + -1 + 22?
-2
Calculate 0 + (0 - 0) + 13 - -1.
14
Evaluate ((-2 - -17) + -7 - 4) + -2.
2
Evaluate -18 - (-44 + (-16 - -26)) - -4.
20
-19 - (2 - (-1 - 3 - (-213 - -217)))
-29
What is 1 - 2 - (-17 + -5 + (5 - -6))?
10
What is (-3 + 2 + 0 - -6) + (104 - 97)?
12
What is -15 + -7 + (-5 - -17)?
-10
Calculate -5 + 3 + 5 + 22 + -23.
2
What is the value of (-29 - -1) + 27 + 1?
0
What is -1 + (-146 + 146 - (19 + 1))?
-21
Evaluate 13 - (-6 + 12 + 8).
-1
Evaluate -3 - ((-2 - 13 - -8 - -6) + -6).
4
What is (3 + 25 - (13 + -1)) + 1 + -2?
15
Calculate 24 - ((-4 - -14 - 8) + -3).
25
(3 - (-7 + 5)) + -5 + 6
6
10 - ((26 - 4) + -14)
2
-54 - -65 - (-2 + 9 + 6)
-2
What is the value of (-4 - 20) + 33 + -24?
-15
Calculate -5 + (-6 - -3) + -2.
-10
What is 31 + (11 - 38) + 1 + (1 - 2)?
4
(10 - 10) + -17 + 13 + 17
13
-30 + 60 + -41 + 47
36
What is -10 + (4 + 19 + -12 - 7)?
-6
Evaluate (8 - 5) + 1 + -4 + 4 + -4.
0
Calculate (35 - 13) + 0 - (2 + -1).
21
Calculate (-6 - (8 + -39)) + -8 + 1.
18
Evaluate 24 + (-18 - 16) + 17.
7
(8 - -6) + (4 - (5 + 2))
11
Calculate 230 + -200 + (-2 - 20).
8
What is 18 - (34 - 51 - -14)?
21
Calculate -10 + (0 - -11) + 16 - 16.
1
Evaluate 1 + -1 + (-1 - 0) + -4 - -6.
1
Calculate -77 + (-41 - -141) - (1 - 6).
28
Calculate 5 + -20 - (4 + (-25 + 6 - -7)).
-7
(-5 - 4 - -16) + -8
-1
What is the value of (13 - (2 + (15 - 5))) + -8?
-7
1 - -2 - (-3 + -25 + 20)
11
Evaluate 3 - -20 - (56 + -10).
-23
Calculate (-2 - (-2 + -1) - (2 - 7)) + -8.
-2
Evaluate 25 - 7 - (-3 + 16 + -21).
26
6 + (-1 + (6 - 1) - (97 + -74))
-13
What is the value of (13 - 4 - -1) + -15 + 1 + 10?
6
Calculate 2 + ((0 - -7) + 4 - -2 - 7).
8
What is the value of -17 - (-31 + 2 + 12 + 2)?
-2
What is 7 + -2 - (-12 - (-9 + 8))?
16
What is 10 + (35 + -19 - 41 - 12)?
-27
Calculate -17 - 1 - (7 - (6 - -4)).
-15
Calculate 522 - 554 - (-1 + -3).
-28
What is -12 - ((-22 - -13 - -2) + 4)?
-9
What is the value of -829 + 833 - (-11 - 0)?
15
-60 + 57 + -6 + -8 + 0 + 0
-17
What is the value of -10 - (6 + (17 - 19))?
-14
Evaluate (-2 - -7) + (-5 - -8) - 19.
-11
Evaluate -1 + (-3 - (24 - 16)).
-12
Calculate (3 + -26 + 18 - (0 - -7)) + -6.
-18
Calculate -4 + -3 + (103 - 115).
-19
What is the value of 19 - 57 - (55 - 84)?
-9
(0 - (19 + -26)) + (0 - -7)
14
Evaluate (-45 - -28) + 2 - (-1 - 16).
2
What is the value of 8 + 1 + (-4 - -3) - (632 + -600)?
-24
Evaluate 6 + (-4 - ((11 - 9) + -5)).
5
What is -8 + (1 + 1 - 3 - -21)?
12
What is the value of (-7 + 4 + 14 - 12) + (0 - -27)?
26
-10 + 1 + (-10 - ((-23 - 1) + -2))
7
Evaluate 11 - ((-51 - -62) + 2 + 4).
-6
(4 - (8 - (12 + -6 - 10))) + 0
-8
What is the value of -2 - ((-26 - -16) + 1 - (1 + 24))?
32
Calculate (-3 - 2) + (12 - (-10 - -43)).
-26
-4 - ((-23 - -33) + (-8 - 3))
-3
What is 457 - 455 - (2 + -1 - 7)?
8
What is the value of -10 + (-10 - (-8 - 19))?
7
-5 + 35 + 14 + -31
13
What is the value of 56 + -62 - (-16 + 6)?
4
9 - (718 + -729 + (8 - (0 - 1)))
11
Evaluate -17 + -8 - (-38 + -2).
15
(-3 + -31 - -3) + (-42 - (-15 - 29))
-29
Calculate (-1 - -11) + (1 + -16 - (-285 - -271)).
9
Calculate -299 + 296 + (27 - (4 - 1)).
21
What is -2 - (-5 - (6 + -10 - 0))?
-1
Calculate 14 + -11 + (12 - -1 - (-30 + 30)).
16
Calculate 5 - 4 - (-8 - (8 - (-1 - -8))).
10
Calculate ((4 - 3) + -2 - 5) + 187 + -147.
34
What is -121 - -112 - (0 + 6 + (1 - 2))?
-14
(-51 - (-27 - 3)) + 8
-13
What is (32 + -84 - -58) + (0 - -1) + 3?
10
Evaluate 1 + -7 + -2 + -9 + -4 + 11.
-10
-25 - -21 - (19 + -5 + 2 + -1)
-19
What is the value of -5 - -1 - (-1 + -5 + 10 + -17)?
9
Calculate -14 + 18 - 12 - -21.
13
What is -30 + -22 + 72 + -23?
-3
Calculate 1 + -7 - (-4 - (-32 - -30)).
-4
Calculate (2 - -6) + -1 - (82 - 37 - 37).
-1
-15 + -8 + 4 + (-9 - 4)
-32
7 + (-17 - (0 - 11 - -12))
-11
Evaluate -2 - 25 - ((-1 - -14) + 104 + -118).
-26
Evaluate 16 - (-14 + 23) - 9 - 16.
-18
7 - (8 - (2 - (-8 + 10)))
-1
What is the value of -3 - -12 - (-19 + 45)?
-17
Evaluate 13 + -11 + 7 - 3.
6
What is the value of -1 + -24 + -4 + 20 - (-1 + -1)?
-7
What is the value of (333 - 305) + (0 - 39)?
-11
10 - 10 - (-3 + 8)
-5
Calculate 3 + -4 + -1 + 1 - (56 - 66).
9
-3 + -2 + 7 + -1 + 4
5
Calculate 30 + -6 + 12 + -28.
8
What is the value of -2139 - -2128 - (-2 - 22 - 1)?
14
Calculate 1 - -10 - (-2 - (-14 + 6)).
5
Calculate 20 + -1 + 60 + -71.
8
What is -5 + 1 - (0 - -9) - -9?
-4
Calculate (-66 - -35) + -6 + 22.
-15
What is the value of (-11 - -10) + -2 + (-1 - -11 - 6)?
1
What is -20 + 42 + -2 - 18?
2
What is the value of 2 + -3 + 27 - (26 + -13)?
13
(40 - 24) + -1 + -14
1
What is the value of -16 + 5 + -16 + 18?
-9
What is (6 - (4 + -2 - -3)) + (9 - 8)?
2
-12 - (-4 + 0 + -10)
2
What is the value of -32 - (10 - (-19 + 40))?
-21
What is -7 - (-115 - -103 - (-4 + (-1 - -1)))?
1
What is the value of -35 - ((8 - (9 - -1)) + (-5 - 0))?
-28
Calculate -1 + 7 + -18 + (7 - -2).
-3
What is the value of (-6 - (3 - (8 + (1 - 4)))) + -12?
-16
What is the value of -20 + 22 + 20 - 5?
17
Evaluate (4 + -16 - (-6 + 6) - -4) + 5.
-3
What is the value of 0 + 7 + -8 - (-1 - -6 - 5)?
-1
Evaluate 9 + (16 - 11) + 2 - (3 - -1).
12
What is the value of 1 + 2 + (31 + -9 - (8 - -6))?
11
What is (0 - (28 + -2)) + (33 - (47 - 2))?
-38
Calculate -17 + -5 + -17 + 50.
11
What is the value of (1 - (-1 + 1)) + (-10 - -37) + -35?
-7
Evaluate 6 + -2 - (1 + 0 + 3) - -11.
11
What is the value of -6 - (-11 + -4 + 13 + 0)?
-4
Evaluate 3 - ((-7 - -5) + 4 + (-2 - -9)).
-6
3 + -7 + 35 + -35 - -26
22
What is 2 + -6 + (16 + -7 - (-6 + 8))?
3
What is the value of -11 - 0 - (1971 + -2006)?
24
What is the value of 11 + 1 - 3 - (110 + -125)?
24
What is the value of -248 + 242 + (9 - -1)?
4
What is the value of (-13 - -22) + (8 + -36 - -2)?
-17
Calculate -14 - (-50 - (-1 + -19)).
16
Calculate (-54 + 88 - (3 + 1)) + 1 + -2.
29
-25 + (15 - 4 - ((4 - -3) + -3))
-18
Evaluate 9 + 1 + -23 - -31.
18
What is the value of 10 + (-2 - -5 - 16)?
-3
(24 + -18 - -30) + 5 + 2 + -9
34
7 + -7 + 7 + -4 - 6
-3
What is -12 - (-8 - ((-60 - -59) + -7 + 1))?
-11
What is 1 + -2 + -10 - (-142 - -45 - -70)?
16
Evaluate 2 + -18 + 25 + -31.
-22
What is the value of 56 + -56 - ((-6 + 1 - -6) + -3)?
2
Calculate 1 + -5 + -110 + 107 + -4.
-11
What is 5 - ((-9 - 16) + 15)?
15
What is the value of -5 + 6 + 3 - (6 - (13 - -16))?
27
(-2 - 2) + 3 - (-54 - -59)
-6
Calculate 5 - (-4 + (8 - -5)).
-4
9 + 1 - ((-11 - -9) + 4) - 5
3
What is (1 - 1